 Determine a(-9).
6
Let s(i) = -i**3 + 6*i**2 + i + 3. Let y(d) = d**2 - d + 27. Let l be y(-9). Suppose -114*h + l*h = 18. Determine s(h).
9
Let v = -11 - 4. Let h be (-250)/v + 1/3. Let a(o) = o + 23 - 33 + h. Calculate a(0).
7
Let o(j) = 25*j + 5. Suppose h = -5*l + 1 - 3, l - 4 = 2*h. Let t(v) = 6*v + 1. Let i(q) = h*o(q) + 9*t(q). What is i(2)?
7
Let k(z) = 5*z + 6. Let l be (-7)/(42/(-4))*90/(-12). Calculate k(l).
-19
Suppose -5*k + 3*a = -9, 4*k + 2*a + 3 + 3 = 0. Let d(x) = 12*x - 5. Calculate d(k).
-5
Suppose -3*s + 172*y - 177*y - 2 = 0, 0 = 2*s + 2*y + 4. Let o(a) = 2*a**2 - a - 17. Determine o(s).
19
Let o(y) be the first derivative of -y**4/4 + 5*y**3/3 - y**2 - 3*y - 615. Calculate o(4).
5
Let a = -40 + 45. Let c(r) = -r**3 + 5*r**2 - 4*r + 7. Determine c(a).
-13
Let k(j) = -3*j - 4. Let b(y) be the second derivative of -y**4/12 - y**3/3 + 2*y**2 - 6*y. Let t be b(-4). What is k(t)?
8
Let a be -1 - (-2)/4*-2. Let z(j) = j**2 + 2. Let b(r) be the third derivative of r**5/15 - r**4/24 + r**3 + 2*r**2. Let k(l) = 2*b(l) - 7*z(l). What is k(a)?
6
Let i = -225 + 227. Let w(a) = -13*a - 1. Calculate w(i).
-27
Let t(s) = -s**2 - 4*s**2 + 24*s - 20*s + 4. Let h(u) = 6*u**2 - 5*u - 5. Let w(k) = 4*h(k) + 5*t(k). Determine w(1).
-1
Let w(x) = x + 60. Let d(h) = h + 53. Let j(r) = 6*d(r) - 5*w(r). Calculate j(-14).
4
Let k(a) = a**3 + a**2 - 1. Let t be 27/18*(-4)/6. Let f(c) = 2*c**3 - 6*c**2 - c + 3. Let y(h) = t*f(h) + k(h). Give y(7).
3
Suppose -6*b + 2*b = -8. Let v be (b/(-4))/(2/16). Let y(u) = -u**3 - 5*u**2 - 3*u - 5. Calculate y(v).
-9
Let m(r) be the second derivative of -r**4/12 - r**3/6 + r**2/2 - 81*r + 1. Determine m(-4).
-11
Let r be (-1)/2 - 19/(-2) - 5. Let q(g) = 6*g + 4. Determine q(r).
28
Suppose -5*s - 12 = -3*a + a, 0 = s. Let f(c) = c**3 - 5*c**2 + 2*c - 3. Let t be f(5). Let k(r) = 3*r + 3*r - t*r. Give k(a).
-6
Let o(t) = 10*t + 7*t + 5*t - 37*t + 11*t - 11. Calculate o(-8).
21
Suppose 0*g - 9 = 3*g, c = -3*g - 6. Let b(w) be the second derivative of 7/2*w**2 - 1/6*w**c + 10*w + 0. What is b(9)?
-2
Suppose 8*w + 6*w = 84. Let t(q) = 5*q - 24. Give t(w).
6
Let v(g) be the second derivative of -3/2*g**2 + g + 0 + 1/3*g**4 + 1/60*g**5 + 7/6*g**3. Let s(q) be the first derivative of v(q). Calculate s(-6).
-5
Suppose -w - 3*k = 8, 4*k = 3*w - 0*k - 15. Let o be (w/(-2))/((-3)/24). Let t(c) be the third derivative of -c**4/24 + c**3/3 - c**2 - 3. What is t(o)?
-2
Let h(y) = y**3 + 7*y**2 + 5. Let f be (7/2)/(22/(-44)). Determine h(f).
5
Let s(j) = -j. Let k be s(1). Suppose -12*r = -9*r - 18. Let a(w) = 3*w + 3 - 20*w - 4 + r*w. Give a(k).
10
Let q(t) = -t**3 - 3*t**2 + 4*t - 3. Let n(h) = -h**2 - 13*h + 44. Let i be n(3). Calculate q(i).
-3
Let h(w) = -w + 6. Let b(y) = -2*y + 13. Let s(r) = 2*b(r) - 5*h(r). Let z(d) = 1. Let o(i) = -i - 4. Let n(g) = -o(g) - 5*z(g). Let v be n(5). Determine s(v).
0
Let c(l) = -l**2 + 5*l - 6. Suppose -3*b = -3*n - 8 - 1, -4*b - n + 17 = 0. Determine c(b).
-2
Let w(f) = -2*f**2 + 3*f - 4. Let t(x) = -5*x + 7. Let y be t(2). Give w(y).
-31
Let f(c) = -c - 4. Let v be 2/(-12) + 175/6. Let i = v - 29. What is f(i)?
-4
Suppose 0 = 2*w - 9 + 29. Let l be (-2)/(4 + 36/w). Let o(k) = k + 9. Calculate o(l).
4
Let s(k) = -k**3 - 1. Let c = -33 - -32. Let z be (-6)/12*(c - -1). Give s(z).
-1
Let w(f) = 2*f - 4. Suppose 0 = -4*h - 103 + 15. Let u = -18 - h. Determine w(u).
4
Let v(m) be the second derivative of 7*m**3/6 - 45*m. Calculate v(1).
7
Let o(u) = -u**2 - 2*u - 1. Let y = 11 - 0. Let c(b) = 5*b - 2*b - 23 - 3*b + 2*b. Let i be c(y). Give o(i).
0
Let g = 6 - 2. Suppose g*r = -0*r + 12. Suppose r*t + 2 = -1. Let n(d) = 6*d**3 - d**2 - 2*d - 1. Determine n(t).
-6
Let b = -14 + 16. Let z(t) = 4*t - 2*t**b - 4*t. Let x be z(-1). Let j(d) = d**3 + 2*d**2 + 3*d. Determine j(x).
-6
Let m = 4 - 10. Let x(f) = -4*f**3 - 3*f**2 - 2*f. Let j be x(-1). Let t(z) = 1 + 9*z + 0 + j + z**2. Calculate t(m).
-14
Let r(x) = x - 1. Let i(l) = l**3 + l - 10. Let o be i(0). Let y = -18 - o. Let c(d) = -2*d + 1. Let p(a) = y*r(a) - 5*c(a). Calculate p(5).
13
Let w(q) = 0*q - 5*q + q**2 + 0*q. Let m be 312/195*(-15)/(-4). What is w(m)?
6
Let w(x) = -x - 1 + 3*x + 15 + x - 8. Calculate w(-8).
-18
Suppose -3*q - 7 = 8. Let t(b) be the third derivative of -b**4/6 - b**3/3 - 6*b**2 + 10*b. What is t(q)?
18
Let y(s) = 5*s**2 - 6*s - 2. Let g(l) = 4*l**2 - 5*l - 1. Let w(i) = 4*g(i) - 3*y(i). Let k be w(2). Let a(p) = p + 3*p**2 - 4*p**2 + 4*p - 4*p. Give a(k).
-2
Let n = 2 - 4. Let k(j) be the second derivative of -j**3/3 - 3*j**2/2 + 86*j - 23. Calculate k(n).
1
Let o(n) = n**2 - 50*n + 143. Let u be o(47). Let z(q) be the first derivative of -6 + 3*q + 1/2*q**u. Determine z(-6).
-3
Let r be 1/(-4 + 4 - 1). Let p(g) = -3*g**3 - 8*g**2 - 5*g - 1. Let k(w) = -w**3 + w + 1. Let q(i) = r*p(i) + 2*k(i). Determine q(-7).
3
Let p(j) = -3*j**2 + 30*j - 7. Let d be p(10). Let x(k) = k + 16. Determine x(d).
9
Let v be 699/(-2)*28/(-42). Let o(s) = 0*s - s**2 + v + s + 12*s**3 - 234. Let x be (-22)/(-18) + (-4)/18. Determine o(x).
11
Suppose 12 = -4*v, 1 = -c - 2*v + v. Let u(s) be the second derivative of -5*s**4/12 - s**3/3 + s**2/2 + s. Determine u(c).
-23
Let n(x) = 2*x - 6*x**2 - 4 - 12 + 17 + 3*x**2. Suppose 4*m = i + 3*i + 8, i = -4*m + 13. Determine n(m).
-20
Let k = -12 - -20. Let y be (6*1/k)/(6/48). Let m(b) = 2*b - 1. Determine m(y).
11
Suppose 0 = b - w + 4, 10*b - 5*b - w = -20. Let v = -4 - b. Let o(t) be the first derivative of t**3/3 - 5. Calculate o(v).
0
Let d(i) be the first derivative of -4*i**2 + 116. What is d(-4)?
32
Let w(v) be the second derivative of v**3/3 - 175*v. What is w(9)?
18
Suppose -5*n = -m + 38, 2*m - 5*n - 150 = -3*m. Let k(s) = -7 - m*s + 14*s + s**2 + 10*s. Calculate k(6).
5
Suppose -5*k + c + 26 = 0, 8 + 8 = 3*k - c. Let j(b) = 2*b - b - 7*b - 2 + k*b. What is j(-4)?
2
Let i = 121 + -125. Let w(l) be the first derivative of l**4/4 + 4*l**3/3 + 3*l**2/2 + 2*l - 46. Calculate w(i).
-10
Let m(y) = -y**3 - 5*y**2 - 5*y - 4. Let s be 81/12 - (-6)/(-8). Suppose -n = -s*n. Suppose -z + 15 = -4*f, n = -2*f + 5*f + 2*z + 3. Give m(f).
-7
Suppose -28*u - 210 = -34*u. Let v be (-6)/21 + (-60)/u. Let q(w) = 2*w - 5*w - w. What is q(v)?
8
Let g(z) = 13*z + 7. Let h(u) = -1. Let o(c) = -g(c) - 6*h(c). Suppose 4*i - 11 = 65. Let s = -18 + i. Give o(s).
-14
Let l(v) = -v**3 + 36*v - 61*v**2 + 67*v**2 - 7 - 38*v. Determine l(5).
8
Let y(w) = -w**2 - w + 4 - 1 - 2*w - w**3 + 2*w**2. Suppose -8*n - 849 = -865. Calculate y(n).
-7
Let g(d) = 3 - 6 + d - d**2 - 5*d + 0. Let v = 46 + -46. Let u be -3 + (0 - 0) + v. Calculate g(u).
0
Let n(j) = j**3 - 4*j**2 - 2*j. Suppose -45*d + 156 = -24. What is n(d)?
-8
Let a(d) = -2*d**3 + 4*d**2 - 25*d + 5. Let t(q) = q**3 - 2*q**2 + 13*q - 2. Let o(m) = -6*a(m) - 11*t(m). Give o(2).
6
Let x be 10/4*6*(-10)/(-75). Let i(r) = 2*r**2 - 3*r. Calculate i(x).
2
Let u(y) = -y**3 - 14*y**2 + 2*y - 8. Let g(n) = -n**3 - 12*n**2 + n - 9. Let h(k) = 3*g(k) - 2*u(k). Suppose -j = 2, -j = 5*t + 4*j + 50. Determine h(t).
-3
Let c(r) = r**3 + r**2 + r + 7. Suppose -3*o = 4*f, 25*o - 5*f = 22*o. Give c(o).
7
Let w(a) be the third derivative of a**5/60 + a**4/12 - 2*a**3 + 41*a**2. What is w(-4)?
-4
Suppose -3*m + 5*m - 25 = 5*j, m + 5*j = -10. Let a(l) = 3*l**2 + 3*l - 5. Let y(w) = -w**2 - w + 3. Let b(s) = m*y(s) + 2*a(s). What is b(-5)?
25
Suppose -4*r + 16 = -l, -5*r + 15 + 0 = 0. Let d(n) = 2*n + 6. What is d(l)?
-2
Suppose -3*h + 0*h + o + 11 = 0, 2*h = -2*o + 2. Let t(r) = 289*r**2 - 6*r - 2 - 290*r**2 + h. What is t(-5)?
6
Let t = -416 - -411. Let k(g) be the second derivative of g**4/12 + g**3 - g**2/2 + g. Give k(t).
-6
Let b(t) be the second derivative of t**4/12 + t**3/6 + 41*t**2/2 + 235*t. Give b(0).
41
Suppose -4*g = -0*g - 72. Let c = -18 + g. Let b(z) = -z**3 + z**2 + z + 9. Calculate b(c).
9
Suppose 225 = -0*p + 9*p. Let l(t) = 2 - 31*t + t**2 + p*t - 4. Let h be (-5)/(-2 + -1 + 2). What is l(h)?
-7
Let x(v) = 3*v**2 + 16*v - 12. Let t(s) = -8*s**2 - 47*s + 35. Let a(n) = 4*t(n) + 11*x(n). Determine a(7).
-27
Let z(g) = g**3 - 7 - 2*g + g**3 - 3*g**3 + 15 - 9 + 6*g**2. Calculate z(6).
-13
Let m(s) = -s**2 + 275*s + 274*s - 553*s + 1. What is m(-6)?
-11
Let s(x) 